{"id":41,"date":"2021-01-20T16:42:03","date_gmt":"2021-01-20T16:42:03","guid":{"rendered":"http:\/\/www.antisistemas.com\/?page_id=41"},"modified":"2021-02-05T13:27:24","modified_gmt":"2021-02-05T13:27:24","slug":"aldea","status":"publish","type":"page","link":"https:\/\/www.antisistemas.com\/index.php\/aldea\/","title":{"rendered":"Aldea"},"content":{"rendered":"\n<figure class=\"wp-block-image size-large\"><img loading=\"lazy\" decoding=\"async\" width=\"640\" height=\"411\" src=\"http:\/\/www.antisistemas.com\/wp-content\/uploads\/2021\/01\/people-3204098_640.jpg\" alt=\"\" class=\"wp-image-48\" srcset=\"https:\/\/www.antisistemas.com\/wp-content\/uploads\/2021\/01\/people-3204098_640.jpg 640w, https:\/\/www.antisistemas.com\/wp-content\/uploads\/2021\/01\/people-3204098_640-300x193.jpg 300w\" sizes=\"auto, (max-width: 640px) 100vw, 640px\" \/><\/figure>\n\n\n\n<p>\u00bfQu\u00e9 pueblo elegimos?<br><br>Seg\u00fan nuestras investigaciones, Galicia y Asturias son las comunidades con mayor n\u00famero de pueblos abandonados.<\/p>\n\n\n\n<p>2020-01-20 Administrador.<\/p>\n","protected":false},"excerpt":{"rendered":"<p>\u00bfQu\u00e9 pueblo elegimos? Seg\u00fan nuestras investigaciones, Galicia y Asturias son las comunidades con mayor n\u00famero de pueblos abandonados. 2020-01-20 Administrador.<\/p>\n","protected":false},"author":2,"featured_media":0,"parent":0,"menu_order":0,"comment_status":"closed","ping_status":"closed","template":"","meta":{"footnotes":""},"class_list":["post-41","page","type-page","status-publish","hentry","entry"],"_links":{"self":[{"href":"https:\/\/www.antisistemas.com\/index.php\/wp-json\/wp\/v2\/pages\/41","targetHints":{"allow":["GET"]}}],"collection":[{"href":"https:\/\/www.antisistemas.com\/index.php\/wp-json\/wp\/v2\/pages"}],"about":[{"href":"https:\/\/www.antisistemas.com\/index.php\/wp-json\/wp\/v2\/types\/page"}],"author":[{"embeddable":true,"href":"https:\/\/www.antisistemas.com\/index.php\/wp-json\/wp\/v2\/users\/2"}],"replies":[{"embeddable":true,"href":"https:\/\/www.antisistemas.com\/index.php\/wp-json\/wp\/v2\/comments?post=41"}],"version-history":[{"count":4,"href":"https:\/\/www.antisistemas.com\/index.php\/wp-json\/wp\/v2\/pages\/41\/revisions"}],"predecessor-version":[{"id":345,"href":"https:\/\/www.antisistemas.com\/index.php\/wp-json\/wp\/v2\/pages\/41\/revisions\/345"}],"wp:attachment":[{"href":"https:\/\/www.antisistemas.com\/index.php\/wp-json\/wp\/v2\/media?parent=41"}],"curies":[{"name":"wp","href":"https:\/\/api.w.org\/{rel}","templated":true}]}}